[INFO] cloning repository https://github.com/fede1024/kafka-benchmark
[INFO] running `Command { std: "git" "-c" "credential.helper=" "-c" "credential.helper=/workspace/cargo-home/bin/git-credential-null" "clone" "--bare" "https://github.com/fede1024/kafka-benchmark" "/workspace/cache/git-repos/https%3A%2F%2Fgithub.com%2Ffede1024%2Fkafka-benchmark", kill_on_drop: false }`
[INFO] [stderr] Cloning into bare repository '/workspace/cache/git-repos/https%3A%2F%2Fgithub.com%2Ffede1024%2Fkafka-benchmark'...
[INFO] running `Command { std: "git" "rev-parse" "HEAD", kill_on_drop: false }`
[INFO] [stdout] c04d8cee98b0aa47e1580a27d4db5ba90e6318b6
[INFO] checking fede1024/kafka-benchmark against try#72f88fc4e9458f89516a0b8b0868f3718aec5b47 for pr-74989
[INFO] running `Command { std: "git" "clone" "/workspace/cache/git-repos/https%3A%2F%2Fgithub.com%2Ffede1024%2Fkafka-benchmark" "/workspace/builds/worker-4/source", kill_on_drop: false }`
[INFO] [stderr] Cloning into '/workspace/builds/worker-4/source'...
[INFO] [stderr] done.
[INFO] validating manifest of git repo https://github.com/fede1024/kafka-benchmark on toolchain 72f88fc4e9458f89516a0b8b0868f3718aec5b47
[INFO] running `Command { std: "/workspace/cargo-home/bin/cargo" "+72f88fc4e9458f89516a0b8b0868f3718aec5b47" "read-manifest" "--manifest-path" "Cargo.toml", kill_on_drop: false }`
[INFO] started tweaking git repo https://github.com/fede1024/kafka-benchmark
[INFO] finished tweaking git repo https://github.com/fede1024/kafka-benchmark
[INFO] tweaked toml for git repo https://github.com/fede1024/kafka-benchmark written to /workspace/builds/worker-4/source/Cargo.toml
[INFO] crate git repo https://github.com/fede1024/kafka-benchmark already has a lockfile, it will not be regenerated
[INFO] running `Command { std: "/workspace/cargo-home/bin/cargo" "+72f88fc4e9458f89516a0b8b0868f3718aec5b47" "fetch" "--locked" "--manifest-path" "Cargo.toml", kill_on_drop: false }`
[INFO] [stderr]     Updating git repository `https://github.com/fede1024/rust-rdkafka.git`
[INFO] [stderr]     Updating git submodule `https://github.com/edenhill/librdkafka.git`
[INFO] [stderr]  Downloading crates ...
[INFO] [stderr]   Downloaded clap v2.29.4
[INFO] [stderr]   Downloaded regex v0.2.5
[INFO] [stderr]   Downloaded openssl-sys v0.9.24
[INFO] running `Command { std: "docker" "create" "-v" "/var/lib/crater-agent-workspace/builds/worker-4/target:/opt/rustwide/target:rw,Z" "-v" "/var/lib/crater-agent-workspace/builds/worker-4/source:/opt/rustwide/workdir:ro,Z" "-v" "/var/lib/crater-agent-workspace/cargo-home:/opt/rustwide/cargo-home:ro,Z" "-v" "/var/lib/crater-agent-workspace/rustup-home:/opt/rustwide/rustup-home:ro,Z" "-e" "SOURCE_DIR=/opt/rustwide/workdir" "-e" "CARGO_TARGET_DIR=/opt/rustwide/target" "-e" "CARGO_HOME=/opt/rustwide/cargo-home" "-e" "RUSTUP_HOME=/opt/rustwide/rustup-home" "-w" "/opt/rustwide/workdir" "-m" "1610612736" "--user" "0:0" "--network" "none" "rustops/crates-build-env@sha256:d92eaeed33fa75130ca1ee6c8a01d1ffb62bac859dfdfb3450e3e5d1c0146529" "/opt/rustwide/cargo-home/bin/cargo" "+72f88fc4e9458f89516a0b8b0868f3718aec5b47" "metadata" "--no-deps" "--format-version=1", kill_on_drop: false }`
[INFO] [stdout] 0b0ef5ce3f4e9f41c379fdaa454887b0b1708407b8a25bef1141e12d56f504d5
[INFO] [stderr] WARNING: Your kernel does not support swap limit capabilities or the cgroup is not mounted. Memory limited without swap.
[INFO] running `Command { std: "docker" "start" "-a" "0b0ef5ce3f4e9f41c379fdaa454887b0b1708407b8a25bef1141e12d56f504d5", kill_on_drop: false }`
[INFO] running `Command { std: "docker" "inspect" "0b0ef5ce3f4e9f41c379fdaa454887b0b1708407b8a25bef1141e12d56f504d5", kill_on_drop: false }`
[INFO] running `Command { std: "docker" "rm" "-f" "0b0ef5ce3f4e9f41c379fdaa454887b0b1708407b8a25bef1141e12d56f504d5", kill_on_drop: false }`
[INFO] [stdout] 0b0ef5ce3f4e9f41c379fdaa454887b0b1708407b8a25bef1141e12d56f504d5
[INFO] running `Command { std: "docker" "create" "-v" "/var/lib/crater-agent-workspace/builds/worker-4/target:/opt/rustwide/target:rw,Z" "-v" "/var/lib/crater-agent-workspace/builds/worker-4/source:/opt/rustwide/workdir:ro,Z" "-v" "/var/lib/crater-agent-workspace/cargo-home:/opt/rustwide/cargo-home:ro,Z" "-v" "/var/lib/crater-agent-workspace/rustup-home:/opt/rustwide/rustup-home:ro,Z" "-e" "SOURCE_DIR=/opt/rustwide/workdir" "-e" "CARGO_TARGET_DIR=/opt/rustwide/target" "-e" "CARGO_INCREMENTAL=0" "-e" "RUST_BACKTRACE=full" "-e" "RUSTFLAGS=--cap-lints=forbid" "-e" "CARGO_HOME=/opt/rustwide/cargo-home" "-e" "RUSTUP_HOME=/opt/rustwide/rustup-home" "-w" "/opt/rustwide/workdir" "-m" "1610612736" "--user" "0:0" "--network" "none" "rustops/crates-build-env@sha256:d92eaeed33fa75130ca1ee6c8a01d1ffb62bac859dfdfb3450e3e5d1c0146529" "/opt/rustwide/cargo-home/bin/cargo" "+72f88fc4e9458f89516a0b8b0868f3718aec5b47" "check" "--frozen" "--all" "--all-targets" "--message-format=json", kill_on_drop: false }`
[INFO] [stdout] bd73323d93ae9bc5b4135eb61f817058a8c50f2d11d0e6827dc1dfe8963f1d98
[INFO] [stderr] WARNING: Your kernel does not support swap limit capabilities or the cgroup is not mounted. Memory limited without swap.
[INFO] running `Command { std: "docker" "start" "-a" "bd73323d93ae9bc5b4135eb61f817058a8c50f2d11d0e6827dc1dfe8963f1d98", kill_on_drop: false }`
[INFO] [stderr]     Checking libc v0.2.36
[INFO] [stderr]    Compiling pkg-config v0.3.9
[INFO] [stderr]    Compiling cc v1.0.4
[INFO] [stderr]     Checking cfg-if v0.1.2
[INFO] [stderr]     Checking lazy_static v1.0.0
[INFO] [stderr]     Checking unicode-width v0.1.4
[INFO] [stderr]     Checking linked-hash-map v0.5.1
[INFO] [stderr]     Checking regex-syntax v0.4.2
[INFO] [stderr]     Checking futures v0.1.18
[INFO] [stderr]     Checking strsim v0.7.0
[INFO] [stderr]     Checking vec_map v0.8.0
[INFO] [stderr]     Checking ansi_term v0.10.2
[INFO] [stderr]     Checking bitflags v1.0.1
[INFO] [stderr]     Checking termcolor v0.3.3
[INFO] [stderr]     Checking num-integer v0.1.36
[INFO] [stderr]     Checking log v0.4.1
[INFO] [stderr]     Checking textwrap v0.9.0
[INFO] [stderr]     Checking thread_local v0.3.5
[INFO] [stderr]     Checking num-iter v0.1.35
[INFO] [stderr]     Checking yaml-rust v0.4.0
[INFO] [stderr]     Checking log v0.3.9
[INFO] [stderr]     Checking num v0.1.41
[INFO] [stderr]    Compiling num_cpus v0.2.13
[INFO] [stderr]     Checking memchr v2.0.1
[INFO] [stderr]     Checking atty v0.2.6
[INFO] [stderr]     Checking time v0.1.39
[INFO] [stderr]     Checking rand v0.4.2
[INFO] [stderr]    Compiling rdkafka-sys v0.11.3-0 (https://github.com/fede1024/rust-rdkafka.git#74809d72)
[INFO] [stderr]     Checking clap v2.29.4
[INFO] [stderr]     Checking aho-corasick v0.6.4
[INFO] [stderr]    Compiling libz-sys v1.0.18
[INFO] [stderr]     Checking serde_yaml v0.7.3
[INFO] [stderr]     Checking chrono v0.4.0
[INFO] [stderr]     Checking regex v0.2.5
[INFO] [stderr]     Checking env_logger v0.5.3
[INFO] [stderr] error: failed to run custom build command for `rdkafka-sys v0.11.3-0 (https://github.com/fede1024/rust-rdkafka.git#74809d72)`
[INFO] [stderr] 
[INFO] [stderr] Caused by:
[INFO] [stderr]   process didn't exit successfully: `/opt/rustwide/target/debug/build/rdkafka-sys-dd9c1aa2f2bcd29e/build-script-build` (exit code: 101)
[INFO] [stderr]   --- stdout
[INFO] [stderr]   Configuring librdkafka
[INFO] [stderr]   checking for OS or distribution... ok (Ubuntu)
[INFO] [stderr]   checking for C compiler from CC env... failed
[INFO] [stderr]   checking for gcc (by command)... ok
[INFO] [stderr]   checking for C++ compiler from CXX env... failed
[INFO] [stderr]   checking for C++ compiler (g++)... ok
[INFO] [stderr]   checking executable ld... ok
[INFO] [stderr]   checking executable nm... ok
[INFO] [stderr]   checking executable objdump... ok
[INFO] [stderr]   checking executable strip... ok
[INFO] [stderr]   checking for pkgconfig (by command)... ok
[INFO] [stderr]   checking for install (by command)... ok
[INFO] [stderr]   checking for PIC (by compile)... failed (disable)
[INFO] [stderr]   checking for GNU-compatible linker options... failed
[INFO] [stderr]   checking for OSX linker options... failed
[INFO] [stderr]   checking for GNU linker-script ld flag... failed
[INFO] [stderr]   checking for Solaris linker-script ld flag... failed (ignore)
[INFO] [stderr]   checking for __atomic_32 (by compile)... failed
[INFO] [stderr]   checking for __atomic_32_lib (by compile)... failed
[INFO] [stderr]   checking for __sync_32 (by compile)... failed (disable)
[INFO] [stderr]   checking for __atomic_64 (by compile)... failed
[INFO] [stderr]   checking for __atomic_64_lib (by compile)... failed
[INFO] [stderr]   checking for __sync_64 (by compile)... failed (disable)
[INFO] [stderr]   checking for socket (by compile)... failed
[INFO] [stderr]   checking for socket_nsl (by compile)... failed (fail)
[INFO] [stderr]   parsing version '0x000b01ff'... ok (0.11.1)
[INFO] [stderr]   checking for libpthread (by pkg-config)... failed
[INFO] [stderr]   checking for libpthread (by compile)... failed (fail)
[INFO] [stderr]   checking for zlib (by pkg-config)... ok
[INFO] [stderr]   checking for zlib (by compile)... ok (cached)
[INFO] [stderr]   checking for libcrypto (by pkg-config)... ok
[INFO] [stderr]   checking for libcrypto (by compile)... ok (cached)
[INFO] [stderr]   checking for crc32chw (by compile)... failed (disable)
[INFO] [stderr]   checking for regex (by compile)... failed (disable)
[INFO] [stderr]   checking for librt (by pkg-config)... failed
[INFO] [stderr]   checking for librt (by compile)... failed
[INFO] [stderr]   checking for strndup (by compile)... failed (disable)
[INFO] [stderr]   checking for strerror_r (by compile)... failed (disable)
[INFO] [stderr]   checking for libdl (by pkg-config)... failed
[INFO] [stderr]   checking for libdl (by compile)... failed (disable)
[INFO] [stderr]   checking for pthread_setname_gnu (by compile)... failed (disable)
[INFO] [stderr]   checking for nm (by env NM)... ok (cached)
[INFO] [stderr] 
[INFO] [stderr] 
[INFO] [stderr] 
[INFO] [stderr] 
[INFO] [stderr]   --- stderr
[INFO] [stderr]   Building and linking librdkafka statically
[INFO] [stderr]   Running command: "./configure --disable-sasl --disable-ssl --disable-lz4 --enable-static" in dir: librdkafka
[INFO] [stderr]   mklove/modules/configure.base: line 609: config.log: Read-only file system
[INFO] [stderr]   mklove/modules/configure.base: line 609: config.log: Read-only file system
[INFO] [stderr]   mklove/modules/configure.base: line 609: config.log: Read-only file system
[INFO] [stderr]   mklove/modules/configure.base: line 609: config.log: Read-only file system
[INFO] [stderr]   mklove/modules/configure.base: line 609: config.log: Read-only file system
[INFO] [stderr]   mklove/modules/configure.base: line 609: config.log: Read-only file system
[INFO] [stderr]   mklove/modules/configure.base: line 609: config.log: Read-only file system
[INFO] [stderr]   mklove/modules/configure.base: line 609: config.log: Read-only file system
[INFO] [stderr]   mklove/modules/configure.base: line 609: config.log: Read-only file system
[INFO] [stderr]   mklove/modules/configure.base: line 609: config.log: Read-only file system
[INFO] [stderr]   mklove/modules/configure.base: line 609: config.log: Read-only file system
[INFO] [stderr]   mklove/modules/configure.base: line 609: config.log: Read-only file system
[INFO] [stderr]   mklove/modules/configure.base: line 609: config.log: Read-only file system
[INFO] [stderr]   ./configure: line 186: config.log: Read-only file system
[INFO] [stderr]   ./configure: line 187: config.log: Read-only file system
[INFO] [stderr]   mklove/modules/configure.base: line 609: config.log: Read-only file system
[INFO] [stderr]   mklove/modules/configure.base: line 609: config.log: Read-only file system
[INFO] [stderr]   mklove/modules/configure.base: line 609: config.log: Read-only file system
[INFO] [stderr]   mklove/modules/configure.base: line 609: config.log: Read-only file system
[INFO] [stderr]   mktemp: failed to create file via template '_mkltmpXXXXXX': Read-only file system
[INFO] [stderr]   mv: cannot stat '': No such file or directory
[INFO] [stderr]   mklove/modules/configure.base: line 951: .c: Read-only file system
[INFO] [stderr]   mklove/modules/configure.base: line 954: .c: Read-only file system
[INFO] [stderr]   mklove/modules/configure.base: line 609: config.log: Read-only file system
[INFO] [stderr]   mklove/modules/configure.base: line 609: config.log: Read-only file system
[INFO] [stderr]   mklove/modules/configure.base: line 609: config.log: Read-only file system
[INFO] [stderr]   mktemp: failed to create file via template '_mkltmpXXXXXX': Read-only file system
[INFO] [stderr]   mv: cannot stat '': No such file or directory
[INFO] [stderr]   mklove/modules/configure.base: line 951: .c: Read-only file system
[INFO] [stderr]   mklove/modules/configure.base: line 954: .c: Read-only file system
[INFO] [stderr]   mklove/modules/configure.base: line 609: config.log: Read-only file system
[INFO] [stderr]   mklove/modules/configure.base: line 609: config.log: Read-only file system
[INFO] [stderr]   mklove/modules/configure.base: line 609: config.log: Read-only file system
[INFO] [stderr]   mktemp: failed to create file via template '_mkltmpXXXXXX': Read-only file system
[INFO] [stderr]   mv: cannot stat '': No such file or directory
[INFO] [stderr]   mklove/modules/configure.base: line 951: .c: Read-only file system
[INFO] [stderr]   mklove/modules/configure.base: line 954: .c: Read-only file system
[INFO] [stderr]   mklove/modules/configure.base: line 609: config.log: Read-only file system
[INFO] [stderr]   mklove/modules/configure.base: line 609: config.log: Read-only file system
[INFO] [stderr]   mklove/modules/configure.base: line 609: config.log: Read-only file system
[INFO] [stderr]   mktemp: failed to create file via template '_mkltmpXXXXXX': Read-only file system
[INFO] [stderr]   mklove/modules/configure.base: line 691: $ldsfile: ambiguous redirect
[INFO] [stderr]   mktemp: failed to create file via template '_mkltmpXXXXXX': Read-only file system
[INFO] [stderr]   mv: cannot stat '': No such file or directory
[INFO] [stderr]   mklove/modules/configure.base: line 951: .c: Read-only file system
[INFO] [stderr]   mklove/modules/configure.base: line 954: .c: Read-only file system
[INFO] [stderr]   mklove/modules/configure.base: line 609: config.log: Read-only file system
[INFO] [stderr]   mklove/modules/configure.base: line 609: config.log: Read-only file system
[INFO] [stderr]   mklove/modules/configure.base: line 609: config.log: Read-only file system
[INFO] [stderr]   mktemp: failed to create file via template '_mkltmpXXXXXX': Read-only file system
[INFO] [stderr]   mv: cannot stat '': No such file or directory
[INFO] [stderr]   mklove/modules/configure.base: line 951: .c: Read-only file system
[INFO] [stderr]   mklove/modules/configure.base: line 954: .c: Read-only file system
[INFO] [stderr]   mklove/modules/configure.base: line 609: config.log: Read-only file system
[INFO] [stderr]   mklove/modules/configure.base: line 609: config.log: Read-only file system
[INFO] [stderr]   mklove/modules/configure.base: line 609: config.log: Read-only file system
[INFO] [stderr]   mktemp: failed to create file via template '_mkltmpXXXXXX': Read-only file system
[INFO] [stderr]   mv: cannot stat '': No such file or directory
[INFO] [stderr]   mklove/modules/configure.base: line 951: .c: Read-only file system
[INFO] [stderr]   mklove/modules/configure.base: line 954: .c: Read-only file system
[INFO] [stderr]   mklove/modules/configure.base: line 609: config.log: Read-only file system
[INFO] [stderr]   mklove/modules/configure.base: line 609: config.log: Read-only file system
[INFO] [stderr]   mklove/modules/configure.base: line 609: config.log: Read-only file system
[INFO] [stderr]   mktemp: failed to create file via template '_mkltmpXXXXXX': Read-only file system
[INFO] [stderr]   mv: cannot stat '': No such file or directory
[INFO] [stderr]   mklove/modules/configure.base: line 951: .c: Read-only file system
[INFO] [stderr]   mklove/modules/configure.base: line 954: .c: Read-only file system
[INFO] [stderr]   mklove/modules/configure.base: line 609: config.log: Read-only file system
[INFO] [stderr]   mklove/modules/configure.base: line 609: config.log: Read-only file system
[INFO] [stderr]   mklove/modules/configure.base: line 609: config.log: Read-only file system
[INFO] [stderr]   mktemp: failed to create file via template '_mkltmpXXXXXX': Read-only file system
[INFO] [stderr]   mv: cannot stat '': No such file or directory
[INFO] [stderr]   mklove/modules/configure.base: line 951: .c: Read-only file system
[INFO] [stderr]   mklove/modules/configure.base: line 954: .c: Read-only file system
[INFO] [stderr]   mklove/modules/configure.base: line 609: config.log: Read-only file system
[INFO] [stderr]   mklove/modules/configure.base: line 609: config.log: Read-only file system
[INFO] [stderr]   mklove/modules/configure.base: line 609: config.log: Read-only file system
[INFO] [stderr]   mktemp: failed to create file via template '_mkltmpXXXXXX': Read-only file system
[INFO] [stderr]   mv: cannot stat '': No such file or directory
[INFO] [stderr]   mklove/modules/configure.base: line 951: .c: Read-only file system
[INFO] [stderr]   mklove/modules/configure.base: line 954: .c: Read-only file system
[INFO] [stderr]   mklove/modules/configure.base: line 609: config.log: Read-only file system
[INFO] [stderr]   mklove/modules/configure.base: line 609: config.log: Read-only file system
[INFO] [stderr]   mklove/modules/configure.base: line 609: config.log: Read-only file system
[INFO] [stderr]   mktemp: failed to create file via template '_mkltmpXXXXXX': Read-only file system
[INFO] [stderr]   mv: cannot stat '': No such file or directory
[INFO] [stderr]   mklove/modules/configure.base: line 951: .c: Read-only file system
[INFO] [stderr]   mklove/modules/configure.base: line 954: .c: Read-only file system
[INFO] [stderr]   mklove/modules/configure.base: line 609: config.log: Read-only file system
[INFO] [stderr]   mklove/modules/configure.base: line 609: config.log: Read-only file system
[INFO] [stderr]   mklove/modules/configure.base: line 609: config.log: Read-only file system
[INFO] [stderr]   mktemp: failed to create file via template '_mkltmpXXXXXX': Read-only file system
[INFO] [stderr]   mv: cannot stat '': No such file or directory
[INFO] [stderr]   mklove/modules/configure.base: line 951: .c: Read-only file system
[INFO] [stderr]   mklove/modules/configure.base: line 954: .c: Read-only file system
[INFO] [stderr]   mklove/modules/configure.base: line 609: config.log: Read-only file system
[INFO] [stderr]   mklove/modules/configure.base: line 609: config.log: Read-only file system
[INFO] [stderr]   mklove/modules/configure.base: line 609: config.log: Read-only file system
[INFO] [stderr]   mktemp: failed to create file via template '_mkltmpXXXXXX': Read-only file system
[INFO] [stderr]   mv: cannot stat '': No such file or directory
[INFO] [stderr]   mklove/modules/configure.base: line 951: .c: Read-only file system
[INFO] [stderr]   mklove/modules/configure.base: line 954: .c: Read-only file system
[INFO] [stderr]   mklove/modules/configure.base: line 609: config.log: Read-only file system
[INFO] [stderr]   mklove/modules/configure.base: line 609: config.log: Read-only file system
[INFO] [stderr]   mklove/modules/configure.base: line 609: config.log: Read-only file system
[INFO] [stderr]   mktemp: failed to create file via template '_mkltmpXXXXXX': Read-only file system
[INFO] [stderr]   mv: cannot stat '': No such file or directory
[INFO] [stderr]   mklove/modules/configure.base: line 951: .c: Read-only file system
[INFO] [stderr]   mklove/modules/configure.base: line 954: .c: Read-only file system
[INFO] [stderr]   mklove/modules/configure.base: line 609: config.log: Read-only file system
[INFO] [stderr]   mklove/modules/configure.base: line 609: config.log: Read-only file system
[INFO] [stderr]   mklove/modules/configure.base: line 609: config.log: Read-only file system
[INFO] [stderr]   mklove/modules/configure.base: line 609: config.log: Read-only file system
[INFO] [stderr]   mklove/modules/configure.base: line 609: config.log: Read-only file system
[INFO] [stderr]   mklove/modules/configure.base: line 609: config.log: Read-only file system
[INFO] [stderr]   mktemp: failed to create file via template '_mkltmpXXXXXX': Read-only file system
[INFO] [stderr]   mv: cannot stat '': No such file or directory
[INFO] [stderr]   mklove/modules/configure.base: line 951: .c: Read-only file system
[INFO] [stderr]   mklove/modules/configure.base: line 954: .c: Read-only file system
[INFO] [stderr]   mklove/modules/configure.base: line 609: config.log: Read-only file system
[INFO] [stderr]   mklove/modules/configure.base: line 609: config.log: Read-only file system
[INFO] [stderr]   mklove/modules/configure.base: line 609: config.log: Read-only file system
[INFO] [stderr]   mklove/modules/configure.base: line 609: config.log: Read-only file system
[INFO] [stderr]   mklove/modules/configure.base: line 609: config.log: Read-only file system
[INFO] [stderr]   mktemp: failed to create file via template '_mkltmpXXXXXX': Read-only file system
[INFO] [stderr]   mv: cannot stat '': No such file or directory
[INFO] [stderr]   mklove/modules/configure.base: line 951: .c: Read-only file system
[INFO] [stderr]   mklove/modules/configure.base: line 954: .c: Read-only file system
[INFO] [stderr]   mklove/modules/configure.base: line 609: config.log: Read-only file system
[INFO] [stderr]   mklove/modules/configure.base: line 609: config.log: Read-only file system
[INFO] [stderr]   mklove/modules/configure.base: line 609: config.log: Read-only file system
[INFO] [stderr]   mktemp: failed to create file via template '_mkltmpXXXXXX': Read-only file system
[INFO] [stderr]   mv: cannot stat '': No such file or directory
[INFO] [stderr]   mklove/modules/configure.base: line 951: .c: Read-only file system
[INFO] [stderr]   mklove/modules/configure.base: line 954: .c: Read-only file system
[INFO] [stderr]   mklove/modules/configure.base: line 609: config.log: Read-only file system
[INFO] [stderr]   mklove/modules/configure.base: line 609: config.log: Read-only file system
[INFO] [stderr]   mklove/modules/configure.base: line 609: config.log: Read-only file system
[INFO] [stderr]   mklove/modules/configure.base: line 609: config.log: Read-only file system
[INFO] [stderr]   mklove/modules/configure.base: line 609: config.log: Read-only file system
[INFO] [stderr]   mklove/modules/configure.base: line 609: config.log: Read-only file system
[INFO] [stderr]   mktemp: failed to create file via template '_mkltmpXXXXXX': Read-only file system
[INFO] [stderr]   mv: cannot stat '': No such file or directory
[INFO] [stderr]   mklove/modules/configure.base: line 951: .c: Read-only file system
[INFO] [stderr]   mklove/modules/configure.base: line 954: .c: Read-only file system
[INFO] [stderr]   mklove/modules/configure.base: line 609: config.log: Read-only file system
[INFO] [stderr]   mklove/modules/configure.base: line 609: config.log: Read-only file system
[INFO] [stderr]   mklove/modules/configure.base: line 609: config.log: Read-only file system
[INFO] [stderr]   mktemp: failed to create file via template '_mkltmpXXXXXX': Read-only file system
[INFO] [stderr]   mv: cannot stat '': No such file or directory
[INFO] [stderr]   mklove/modules/configure.base: line 951: .c: Read-only file system
[INFO] [stderr]   mklove/modules/configure.base: line 954: .c: Read-only file system
[INFO] [stderr]   mklove/modules/configure.base: line 609: config.log: Read-only file system
[INFO] [stderr]   mklove/modules/configure.base: line 609: config.log: Read-only file system
[INFO] [stderr]   mklove/modules/configure.base: line 609: config.log: Read-only file system
[INFO] [stderr]   mktemp: failed to create file via template '_mkltmpXXXXXX': Read-only file system
[INFO] [stderr]   mv: cannot stat '': No such file or directory
[INFO] [stderr]   mklove/modules/configure.base: line 951: .c: Read-only file system
[INFO] [stderr]   mklove/modules/configure.base: line 954: .c: Read-only file system
[INFO] [stderr]   mklove/modules/configure.base: line 609: config.log: Read-only file system
[INFO] [stderr]   mklove/modules/configure.base: line 609: config.log: Read-only file system
[INFO] [stderr]   mklove/modules/configure.base: line 609: config.log: Read-only file system
[INFO] [stderr]   mklove/modules/configure.base: line 609: config.log: Read-only file system
[INFO] [stderr]   mklove/modules/configure.base: line 609: config.log: Read-only file system
[INFO] [stderr]   mklove/modules/configure.base: line 609: config.log: Read-only file system
[INFO] [stderr]   mktemp: failed to create file via template '_mkltmpXXXXXX': Read-only file system
[INFO] [stderr]   mv: cannot stat '': No such file or directory
[INFO] [stderr]   mklove/modules/configure.base: line 951: .c: Read-only file system
[INFO] [stderr]   mklove/modules/configure.base: line 954: .c: Read-only file system
[INFO] [stderr]   mklove/modules/configure.base: line 609: config.log: Read-only file system
[INFO] [stderr]   mklove/modules/configure.base: line 609: config.log: Read-only file system
[INFO] [stderr]   mklove/modules/configure.base: line 609: config.log: Read-only file system
[INFO] [stderr]   mktemp: failed to create file via template '_mkltmpXXXXXX': Read-only file system
[INFO] [stderr]   mv: cannot stat '': No such file or directory
[INFO] [stderr]   mklove/modules/configure.base: line 951: .c: Read-only file system
[INFO] [stderr]   mklove/modules/configure.base: line 954: .c: Read-only file system
[INFO] [stderr]   mklove/modules/configure.base: line 609: config.log: Read-only file system
[INFO] [stderr]   mklove/modules/configure.base: line 609: config.log: Read-only file system
[INFO] [stderr]   mklove/modules/configure.base: line 609: config.log: Read-only file system
[INFO] [stderr]   ###########################################################
[INFO] [stderr]   mklove/modules/configure.base: line 618: config.log: Read-only file system
[INFO] [stderr]   ###                  Configure failed                   ###
[INFO] [stderr]   mklove/modules/configure.base: line 618: config.log: Read-only file system
[INFO] [stderr]   ###########################################################
[INFO] [stderr]   mklove/modules/configure.base: line 618: config.log: Read-only file system
[INFO] [stderr]   ### Accumulated failures:                               ###
[INFO] [stderr]   mklove/modules/configure.base: line 618: config.log: Read-only file system
[INFO] [stderr]   ###########################################################
[INFO] [stderr]   mklove/modules/configure.base: line 618: config.log: Read-only file system
[INFO] [stderr]    socket_nsl () 
[INFO] [stderr]   mklove/modules/configure.base: line 618: config.log: Read-only file system
[INFO] [stderr]       module: socket
[INFO] [stderr]   mklove/modules/configure.base: line 626: config.log: Read-only file system
[INFO] [stderr]       action: fail
[INFO] [stderr]   mklove/modules/configure.base: line 626: config.log: Read-only file system
[INFO] [stderr]       reason:
[INFO] [stderr]   compile check failed:
[INFO] [stderr]   CC: CC
[INFO] [stderr]   flags: 
[INFO] [stderr]   gcc  -g -O2 -Wall -Wsign-compare -Wfloat-equal -Wpointer-arith -Wcast-align -Wall -Werror .c -o .c.o -lsocket -lnsl  :
[INFO] [stderr]   gcc: error: .c: No such file or directory
[INFO] [stderr]   source: 
[INFO] [stderr]   #include <sys/types.h>
[INFO] [stderr]   #include <sys/socket.h>
[INFO] [stderr]   #include <unistd.h>
[INFO] [stderr]   void foo (void) {
[INFO] [stderr]      int s = socket(0, 0, 0);
[INFO] [stderr]      close(s);
[INFO] [stderr]   }
[INFO] [stderr] 
[INFO] [stderr]   mklove/modules/configure.base: line 626: config.log: Read-only file system
[INFO] [stderr]    libpthread () 
[INFO] [stderr]   mklove/modules/configure.base: line 618: config.log: Read-only file system
[INFO] [stderr]       module: librdkafka
[INFO] [stderr]   mklove/modules/configure.base: line 626: config.log: Read-only file system
[INFO] [stderr]       action: fail
[INFO] [stderr]   mklove/modules/configure.base: line 626: config.log: Read-only file system
[INFO] [stderr]       reason:
[INFO] [stderr]   compile check failed:
[INFO] [stderr]   CC: CC
[INFO] [stderr]   flags: -lpthread
[INFO] [stderr]   gcc  -g -O2 -Wall -Wsign-compare -Wfloat-equal -Wpointer-arith -Wcast-align -Wall -Werror .c -o .c.o   -lpthread:
[INFO] [stderr]   gcc: error: .c: No such file or directory
[INFO] [stderr]   source: #include <pthread.h>
[INFO] [stderr] 
[INFO] [stderr]   mklove/modules/configure.base: line 626: config.log: Read-only file system
[INFO] [stderr]   thread 'main' panicked at 'Command failed with error code 1', /opt/rustwide/cargo-home/git/checkouts/rust-rdkafka-34d944143d921bb0/74809d7/rdkafka-sys/build.rs:23:35
[INFO] [stderr]   stack backtrace:
[INFO] [stderr]      0:     0x5585017eb1c0 - std::backtrace_rs::backtrace::libunwind::trace::h452faf99f32e7c93
[INFO] [stderr]                                  at /rustc/72f88fc4e9458f89516a0b8b0868f3718aec5b47/library/std/src/../../backtrace/src/backtrace/libunwind.rs:96
[INFO] [stderr]      1:     0x5585017eb1c0 - std::backtrace_rs::backtrace::trace_unsynchronized::he40edc71437667a1
[INFO] [stderr]                                  at /rustc/72f88fc4e9458f89516a0b8b0868f3718aec5b47/library/std/src/../../backtrace/src/backtrace/mod.rs:66
[INFO] [stderr]      2:     0x5585017eb1c0 - std::sys_common::backtrace::_print_fmt::h6c51d6ade71f46bf
[INFO] [stderr]                                  at /rustc/72f88fc4e9458f89516a0b8b0868f3718aec5b47/library/std/src/sys_common/backtrace.rs:79
[INFO] [stderr]      3:     0x5585017eb1c0 - <std::sys_common::backtrace::_print::DisplayBacktrace as core::fmt::Display>::fmt::h3cd15d7003dec37a
[INFO] [stderr]                                  at /rustc/72f88fc4e9458f89516a0b8b0868f3718aec5b47/library/std/src/sys_common/backtrace.rs:58
[INFO] [stderr]      4:     0x558501808eac - core::fmt::write::h1857a60b204f1b6a
[INFO] [stderr]                                  at /rustc/72f88fc4e9458f89516a0b8b0868f3718aec5b47/library/core/src/fmt/mod.rs:1080
[INFO] [stderr]      5:     0x5585017e8417 - std::io::Write::write_fmt::hac61caff894c35ae
[INFO] [stderr]                                  at /rustc/72f88fc4e9458f89516a0b8b0868f3718aec5b47/library/std/src/io/mod.rs:1517
[INFO] [stderr]      6:     0x5585017ed460 - std::sys_common::backtrace::_print::haa2f390fb7957e3e
[INFO] [stderr]                                  at /rustc/72f88fc4e9458f89516a0b8b0868f3718aec5b47/library/std/src/sys_common/backtrace.rs:61
[INFO] [stderr]      7:     0x5585017ed460 - std::sys_common::backtrace::print::h48c7cbbad9013bb1
[INFO] [stderr]                                  at /rustc/72f88fc4e9458f89516a0b8b0868f3718aec5b47/library/std/src/sys_common/backtrace.rs:48
[INFO] [stderr]      8:     0x5585017ed460 - std::panicking::default_hook::{{closure}}::h8b7ff05a31e71d55
[INFO] [stderr]                                  at /rustc/72f88fc4e9458f89516a0b8b0868f3718aec5b47/library/std/src/panicking.rs:208
[INFO] [stderr]      9:     0x5585017ed1ac - std::panicking::default_hook::h2f00c78800d98e4c
[INFO] [stderr]                                  at /rustc/72f88fc4e9458f89516a0b8b0868f3718aec5b47/library/std/src/panicking.rs:227
[INFO] [stderr]     10:     0x5585017edac3 - std::panicking::rust_panic_with_hook::h4eaa635e4694aef3
[INFO] [stderr]                                  at /rustc/72f88fc4e9458f89516a0b8b0868f3718aec5b47/library/std/src/panicking.rs:577
[INFO] [stderr]     11:     0x5585017ed699 - std::panicking::begin_panic_handler::{{closure}}::hec242f1b136b5ff2
[INFO] [stderr]                                  at /rustc/72f88fc4e9458f89516a0b8b0868f3718aec5b47/library/std/src/panicking.rs:484
[INFO] [stderr]     12:     0x5585017eb62c - std::sys_common::backtrace::__rust_end_short_backtrace::h1f3cc383ee6c0374
[INFO] [stderr]                                  at /rustc/72f88fc4e9458f89516a0b8b0868f3718aec5b47/library/std/src/sys_common/backtrace.rs:153
[INFO] [stderr]     13:     0x5585017ed659 - rust_begin_unwind
[INFO] [stderr]                                  at /rustc/72f88fc4e9458f89516a0b8b0868f3718aec5b47/library/std/src/panicking.rs:483
[INFO] [stderr]     14:     0x5585017ed60b - std::panicking::begin_panic_fmt::hebfdcd945bbd27b1
[INFO] [stderr]                                  at /rustc/72f88fc4e9458f89516a0b8b0868f3718aec5b47/library/std/src/panicking.rs:437
[INFO] [stderr]     15:     0x5585017b26ac - build_script_build::run_command_or_fail::h109408bf4533154a
[INFO] [stderr]                                  at /opt/rustwide/cargo-home/git/checkouts/rust-rdkafka-34d944143d921bb0/74809d7/rdkafka-sys/build.rs:23
[INFO] [stderr]     16:     0x5585017b35ac - build_script_build::build_librdkafka::h38b91e900b9a6cf6
[INFO] [stderr]                                  at /opt/rustwide/cargo-home/git/checkouts/rust-rdkafka-34d944143d921bb0/74809d7/rdkafka-sys/build.rs:90
[INFO] [stderr]     17:     0x5585017b3263 - build_script_build::main::hf1976bb7024f2db7
[INFO] [stderr]                                  at /opt/rustwide/cargo-home/git/checkouts/rust-rdkafka-34d944143d921bb0/74809d7/rdkafka-sys/build.rs:61
[INFO] [stderr]     18:     0x5585017b5dfb - core::ops::function::FnOnce::call_once::he2884f39c2f2d942
[INFO] [stderr]                                  at /rustc/72f88fc4e9458f89516a0b8b0868f3718aec5b47/library/core/src/ops/function.rs:227
[INFO] [stderr]     19:     0x5585017b5cee - std::sys_common::backtrace::__rust_begin_short_backtrace::ha0d7c99dc14eb419
[INFO] [stderr]                                  at /rustc/72f88fc4e9458f89516a0b8b0868f3718aec5b47/library/std/src/sys_common/backtrace.rs:137
[INFO] [stderr]     20:     0x5585017b5ae1 - std::rt::lang_start::{{closure}}::h19d58b5b34e9a414
[INFO] [stderr]                                  at /rustc/72f88fc4e9458f89516a0b8b0868f3718aec5b47/library/std/src/rt.rs:66
[INFO] [stderr]     21:     0x5585017edec1 - core::ops::function::impls::<impl core::ops::function::FnOnce<A> for &F>::call_once::hecc21eb9018cc197
[INFO] [stderr]                                  at /rustc/72f88fc4e9458f89516a0b8b0868f3718aec5b47/library/core/src/ops/function.rs:259
[INFO] [stderr]     22:     0x5585017edec1 - std::panicking::try::do_call::h174ad655d084b5c7
[INFO] [stderr]                                  at /rustc/72f88fc4e9458f89516a0b8b0868f3718aec5b47/library/std/src/panicking.rs:381
[INFO] [stderr]     23:     0x5585017edec1 - std::panicking::try::h479e6054ce28de10
[INFO] [stderr]                                  at /rustc/72f88fc4e9458f89516a0b8b0868f3718aec5b47/library/std/src/panicking.rs:345
[INFO] [stderr]     24:     0x5585017edec1 - std::panic::catch_unwind::hb558ddea2b3e9c45
[INFO] [stderr]                                  at /rustc/72f88fc4e9458f89516a0b8b0868f3718aec5b47/library/std/src/panic.rs:382
[INFO] [stderr]     25:     0x5585017edec1 - std::rt::lang_start_internal::h163149047f0a8b61
[INFO] [stderr]                                  at /rustc/72f88fc4e9458f89516a0b8b0868f3718aec5b47/library/std/src/rt.rs:51
[INFO] [stderr]     26:     0x5585017b5ab7 - std::rt::lang_start::h91ac5559af92d5da
[INFO] [stderr]                                  at /rustc/72f88fc4e9458f89516a0b8b0868f3718aec5b47/library/std/src/rt.rs:65
[INFO] [stderr]     27:     0x5585017b391a - main
[INFO] [stderr]     28:     0x7fa2f9d730b3 - __libc_start_main
[INFO] [stderr]     29:     0x5585017b20be - _start
[INFO] [stderr]     30:                0x0 - <unknown>
[INFO] [stderr] warning: build failed, waiting for other jobs to finish...
[INFO] [stderr] error: build failed
[INFO] running `Command { std: "docker" "inspect" "bd73323d93ae9bc5b4135eb61f817058a8c50f2d11d0e6827dc1dfe8963f1d98", kill_on_drop: false }`
[INFO] running `Command { std: "docker" "rm" "-f" "bd73323d93ae9bc5b4135eb61f817058a8c50f2d11d0e6827dc1dfe8963f1d98", kill_on_drop: false }`
[INFO] [stdout] bd73323d93ae9bc5b4135eb61f817058a8c50f2d11d0e6827dc1dfe8963f1d98
